{"id":1046,"date":"2023-10-10T13:08:38","date_gmt":"2023-10-10T11:08:38","guid":{"rendered":"https:\/\/catherine-castry-belkadi.fr\/?page_id=1046"},"modified":"2023-10-19T11:10:57","modified_gmt":"2023-10-19T09:10:57","slug":"vogue-conde-nast","status":"publish","type":"page","link":"https:\/\/catherine-castry-belkadi.fr\/index.php\/vogue-conde-nast\/","title":{"rendered":"Vogue &#8211; Cond\u00e9 Nast"},"content":{"rendered":"<div class=\"wp-block-image\">\n<figure class=\"aligncenter size-medium is-resized\"><img loading=\"lazy\" decoding=\"async\" width=\"300\" height=\"200\" src=\"https:\/\/catherine-castry-belkadi.fr\/wp-content\/uploads\/2023\/10\/catherine-castry-belkadi-direction-artistique-vogue-lart-au-jardin-3-300x200.jpg\" alt=\"catherine-castry-belkadi-direction-artistique-vogue-l'art-au-jardin\" class=\"wp-image-1047\" style=\"object-fit:contain;width:674px;height:449px\" srcset=\"https:\/\/catherine-castry-belkadi.fr\/wp-content\/uploads\/2023\/10\/catherine-castry-belkadi-direction-artistique-vogue-lart-au-jardin-3-300x200.jpg 300w, https:\/\/catherine-castry-belkadi.fr\/wp-content\/uploads\/2023\/10\/catherine-castry-belkadi-direction-artistique-vogue-lart-au-jardin-3-1024x683.jpg 1024w, https:\/\/catherine-castry-belkadi.fr\/wp-content\/uploads\/2023\/10\/catherine-castry-belkadi-direction-artistique-vogue-lart-au-jardin-3-768x512.jpg 768w, https:\/\/catherine-castry-belkadi.fr\/wp-content\/uploads\/2023\/10\/catherine-castry-belkadi-direction-artistique-vogue-lart-au-jardin-3-930x620.jpg 930w, https:\/\/catherine-castry-belkadi.fr\/wp-content\/uploads\/2023\/10\/catherine-castry-belkadi-direction-artistique-vogue-lart-au-jardin-3.jpg 1200w\" sizes=\"auto, (max-width: 300px) 100vw, 300px\" \/><\/figure>\n<\/div>\n\n<div class=\"wp-block-image\">\n<figure class=\"aligncenter size-medium is-resized\"><img loading=\"lazy\" decoding=\"async\" width=\"300\" height=\"300\" src=\"https:\/\/catherine-castry-belkadi.fr\/wp-content\/uploads\/2023\/10\/catherine-castry-belkadi-direction-artistique-vogue-lart-au-jardin-2-300x300.jpg\" alt=\"catherine-castry-belkadi-direction-artistique-vogue-l'art-au-jardin\" class=\"wp-image-1048\" style=\"object-fit:contain;width:672px;height:672px\" srcset=\"https:\/\/catherine-castry-belkadi.fr\/wp-content\/uploads\/2023\/10\/catherine-castry-belkadi-direction-artistique-vogue-lart-au-jardin-2-300x300.jpg 300w, https:\/\/catherine-castry-belkadi.fr\/wp-content\/uploads\/2023\/10\/catherine-castry-belkadi-direction-artistique-vogue-lart-au-jardin-2-150x150.jpg 150w, https:\/\/catherine-castry-belkadi.fr\/wp-content\/uploads\/2023\/10\/catherine-castry-belkadi-direction-artistique-vogue-lart-au-jardin-2-768x768.jpg 768w, https:\/\/catherine-castry-belkadi.fr\/wp-content\/uploads\/2023\/10\/catherine-castry-belkadi-direction-artistique-vogue-lart-au-jardin-2.jpg 800w\" sizes=\"auto, (max-width: 300px) 100vw, 300px\" \/><\/figure>\n<\/div>\n\n\n<div class=\"wp-block-group\"><div class=\"wp-block-group__inner-container is-layout-constrained wp-block-group-is-layout-constrained\">\n<p class=\"has-text-align-left has-couleur-du-texte-color has-text-color has-eccp-large-font-size\" style=\"letter-spacing:0.5px\">Illustrations pour le magazine Vogue &#8211; Les Publications Cond\u00e9 Nast<\/p>\n\n\n\n<p class=\"has-text-align-left has-couleur-primaire-color has-text-color has-eccp-small-font-size\" style=\"letter-spacing:0.2px;line-height:0.9\">PLAQUETTE &#8211; ANNONCE PRESSE<\/p>\n\n\n\n<hr class=\"wp-block-separator has-text-color has-blanc-casse-fonce-color has-alpha-channel-opacity has-blanc-casse-fonce-background-color has-background\"\/>\n\n\n\n<p class=\"has-couleur-du-texte-color has-text-color has-eccp-small-font-size\" style=\"letter-spacing:1px\">L&rsquo;\u00e9quipe charg\u00e9e des \u00e9v\u00e8nements et de la publicit\u00e9 chez Vogue m&rsquo;avait confi\u00e9 la r\u00e9alisation d&rsquo;illustrations \u00e0 l&rsquo;aquarelle pour illustrer le stand \u00e9v\u00e8nement de joaillerie \u00e0 l&rsquo;occasion du salon \u00ab\u00a0L&rsquo;Art du jardin\u00a0\u00bb au Parc de Saint-Cloud.<br>Un travail de cr\u00e9ation enrichissant, pour un projet haut de gamme, r\u00e9alis\u00e9 avec les \u00e9quipes de Vogue : cr\u00e9ateurs paysagistes, joailliers, p\u00e9pini\u00e9ristes et fleuristes.<\/p>\n<\/div><\/div>\n","protected":false},"excerpt":{"rendered":"<p>Illustrations pour le magazine Vogue &#8211; Les Publications Cond\u00e9 Nast PLAQUETTE &#8211; ANNONCE PRESSE L&rsquo;\u00e9quipe charg\u00e9e des \u00e9v\u00e8nements et de la publicit\u00e9 chez Vogue m&rsquo;avait confi\u00e9 la r\u00e9alisation d&rsquo;illustrations \u00e0 l&rsquo;aquarelle pour illustrer le stand \u00e9v\u00e8nement de joaillerie \u00e0 l&rsquo;occasion du salon \u00ab\u00a0L&rsquo;Art du jardin\u00a0\u00bb au Parc de Saint-Cloud.Un travail de cr\u00e9ation enrichissant, pour un&hellip;&nbsp;<a href=\"https:\/\/catherine-castry-belkadi.fr\/index.php\/vogue-conde-nast\/\" rel=\"bookmark\">Lire la suite &raquo;<span class=\"screen-reader-text\">Vogue &#8211; Cond\u00e9 Nast<\/span><\/a><\/p>\n","protected":false},"author":1,"featured_media":0,"parent":0,"menu_order":0,"comment_status":"closed","ping_status":"closed","template":"","meta":{"neve_meta_sidebar":"","neve_meta_container":"","neve_meta_enable_content_width":"","neve_meta_content_width":0,"neve_meta_title_alignment":"","neve_meta_author_avatar":"","neve_post_elements_order":"","neve_meta_disable_header":"","neve_meta_disable_footer":"","neve_meta_disable_title":"","_themeisle_gutenberg_block_has_review":false,"footnotes":""},"class_list":["post-1046","page","type-page","status-publish","hentry"],"yoast_head":"<!-- This site is optimized with the Yoast SEO plugin v27.2 - https:\/\/yoast.com\/product\/yoast-seo-wordpress\/ -->\n<title>Vogue - Cond\u00e9 Nast -<\/title>\n<meta name=\"robots\" content=\"index, follow, max-snippet:-1, max-image-preview:large, max-video-preview:-1\" \/>\n<link rel=\"canonical\" href=\"https:\/\/catherine-castry-belkadi.fr\/index.php\/vogue-conde-nast\/\" \/>\n<meta property=\"og:locale\" content=\"fr_FR\" \/>\n<meta property=\"og:type\" content=\"article\" \/>\n<meta property=\"og:title\" content=\"Vogue - Cond\u00e9 Nast -\" \/>\n<meta property=\"og:description\" content=\"Illustrations pour le magazine Vogue &#8211; Les Publications Cond\u00e9 Nast PLAQUETTE &#8211; ANNONCE PRESSE L&rsquo;\u00e9quipe charg\u00e9e des \u00e9v\u00e8nements et de la publicit\u00e9 chez Vogue m&rsquo;avait confi\u00e9 la r\u00e9alisation d&rsquo;illustrations \u00e0 l&rsquo;aquarelle pour illustrer le stand \u00e9v\u00e8nement de joaillerie \u00e0 l&rsquo;occasion du salon \u00ab\u00a0L&rsquo;Art du jardin\u00a0\u00bb au Parc de Saint-Cloud.Un travail de cr\u00e9ation enrichissant, pour un&hellip;&nbsp;Lire la suite &raquo;Vogue &#8211; Cond\u00e9 Nast\" \/>\n<meta property=\"og:url\" content=\"https:\/\/catherine-castry-belkadi.fr\/index.php\/vogue-conde-nast\/\" \/>\n<meta property=\"article:modified_time\" content=\"2023-10-19T09:10:57+00:00\" \/>\n<meta property=\"og:image\" content=\"https:\/\/catherine-castry-belkadi.fr\/wp-content\/uploads\/2023\/10\/catherine-castry-belkadi-direction-artistique-vogue-lart-au-jardin-3-300x200.jpg\" \/>\n<meta name=\"twitter:card\" content=\"summary_large_image\" \/>\n<meta name=\"twitter:label1\" content=\"Dur\u00e9e de lecture estim\u00e9e\" \/>\n\t<meta name=\"twitter:data1\" content=\"1 minute\" \/>\n<script type=\"application\/ld+json\" class=\"yoast-schema-graph\">{\"@context\":\"https:\/\/schema.org\",\"@graph\":[{\"@type\":\"WebPage\",\"@id\":\"https:\/\/catherine-castry-belkadi.fr\/index.php\/vogue-conde-nast\/\",\"url\":\"https:\/\/catherine-castry-belkadi.fr\/index.php\/vogue-conde-nast\/\",\"name\":\"Vogue - Cond\u00e9 Nast -\",\"isPartOf\":{\"@id\":\"https:\/\/catherine-castry-belkadi.fr\/#website\"},\"primaryImageOfPage\":{\"@id\":\"https:\/\/catherine-castry-belkadi.fr\/index.php\/vogue-conde-nast\/#primaryimage\"},\"image\":{\"@id\":\"https:\/\/catherine-castry-belkadi.fr\/index.php\/vogue-conde-nast\/#primaryimage\"},\"thumbnailUrl\":\"https:\/\/catherine-castry-belkadi.fr\/wp-content\/uploads\/2023\/10\/catherine-castry-belkadi-direction-artistique-vogue-lart-au-jardin-3-300x200.jpg\",\"datePublished\":\"2023-10-10T11:08:38+00:00\",\"dateModified\":\"2023-10-19T09:10:57+00:00\",\"breadcrumb\":{\"@id\":\"https:\/\/catherine-castry-belkadi.fr\/index.php\/vogue-conde-nast\/#breadcrumb\"},\"inLanguage\":\"fr-FR\",\"potentialAction\":[{\"@type\":\"ReadAction\",\"target\":[\"https:\/\/catherine-castry-belkadi.fr\/index.php\/vogue-conde-nast\/\"]}]},{\"@type\":\"ImageObject\",\"inLanguage\":\"fr-FR\",\"@id\":\"https:\/\/catherine-castry-belkadi.fr\/index.php\/vogue-conde-nast\/#primaryimage\",\"url\":\"https:\/\/catherine-castry-belkadi.fr\/wp-content\/uploads\/2023\/10\/catherine-castry-belkadi-direction-artistique-vogue-lart-au-jardin-3.jpg\",\"contentUrl\":\"https:\/\/catherine-castry-belkadi.fr\/wp-content\/uploads\/2023\/10\/catherine-castry-belkadi-direction-artistique-vogue-lart-au-jardin-3.jpg\",\"width\":1200,\"height\":800,\"caption\":\"catherine-castry-belkadi-direction-artistique-vogue-art-au-jardin\"},{\"@type\":\"BreadcrumbList\",\"@id\":\"https:\/\/catherine-castry-belkadi.fr\/index.php\/vogue-conde-nast\/#breadcrumb\",\"itemListElement\":[{\"@type\":\"ListItem\",\"position\":1,\"name\":\"Accueil\",\"item\":\"https:\/\/catherine-castry-belkadi.fr\/\"},{\"@type\":\"ListItem\",\"position\":2,\"name\":\"Vogue &#8211; Cond\u00e9 Nast\"}]},{\"@type\":\"WebSite\",\"@id\":\"https:\/\/catherine-castry-belkadi.fr\/#website\",\"url\":\"https:\/\/catherine-castry-belkadi.fr\/\",\"name\":\"Catherine Castry Belkadi\",\"description\":\"\",\"publisher\":{\"@id\":\"https:\/\/catherine-castry-belkadi.fr\/#\/schema\/person\/5dd5293af75046eeb3ac1b00b7f10457\"},\"potentialAction\":[{\"@type\":\"SearchAction\",\"target\":{\"@type\":\"EntryPoint\",\"urlTemplate\":\"https:\/\/catherine-castry-belkadi.fr\/?s={search_term_string}\"},\"query-input\":{\"@type\":\"PropertyValueSpecification\",\"valueRequired\":true,\"valueName\":\"search_term_string\"}}],\"inLanguage\":\"fr-FR\"},{\"@type\":[\"Person\",\"Organization\"],\"@id\":\"https:\/\/catherine-castry-belkadi.fr\/#\/schema\/person\/5dd5293af75046eeb3ac1b00b7f10457\",\"name\":\"Catherine\",\"image\":{\"@type\":\"ImageObject\",\"inLanguage\":\"fr-FR\",\"@id\":\"https:\/\/catherine-castry-belkadi.fr\/wp-content\/uploads\/2020\/12\/web-agency-logo-3.png\",\"url\":\"https:\/\/catherine-castry-belkadi.fr\/wp-content\/uploads\/2020\/12\/web-agency-logo-3.png\",\"contentUrl\":\"https:\/\/catherine-castry-belkadi.fr\/wp-content\/uploads\/2020\/12\/web-agency-logo-3.png\",\"width\":200,\"height\":200,\"caption\":\"Catherine\"},\"logo\":{\"@id\":\"https:\/\/catherine-castry-belkadi.fr\/wp-content\/uploads\/2020\/12\/web-agency-logo-3.png\"},\"sameAs\":[\"https:\/\/catherine-castry-belkadi.fr\",\"https:\/\/www.linkedin.com\/in\/catherine-castry-belkadi\"]}]}<\/script>\n<!-- \/ Yoast SEO plugin. -->","yoast_head_json":{"title":"Vogue - Cond\u00e9 Nast -","robots":{"index":"index","follow":"follow","max-snippet":"max-snippet:-1","max-image-preview":"max-image-preview:large","max-video-preview":"max-video-preview:-1"},"canonical":"https:\/\/catherine-castry-belkadi.fr\/index.php\/vogue-conde-nast\/","og_locale":"fr_FR","og_type":"article","og_title":"Vogue - Cond\u00e9 Nast -","og_description":"Illustrations pour le magazine Vogue &#8211; Les Publications Cond\u00e9 Nast PLAQUETTE &#8211; ANNONCE PRESSE L&rsquo;\u00e9quipe charg\u00e9e des \u00e9v\u00e8nements et de la publicit\u00e9 chez Vogue m&rsquo;avait confi\u00e9 la r\u00e9alisation d&rsquo;illustrations \u00e0 l&rsquo;aquarelle pour illustrer le stand \u00e9v\u00e8nement de joaillerie \u00e0 l&rsquo;occasion du salon \u00ab\u00a0L&rsquo;Art du jardin\u00a0\u00bb au Parc de Saint-Cloud.Un travail de cr\u00e9ation enrichissant, pour un&hellip;&nbsp;Lire la suite &raquo;Vogue &#8211; Cond\u00e9 Nast","og_url":"https:\/\/catherine-castry-belkadi.fr\/index.php\/vogue-conde-nast\/","article_modified_time":"2023-10-19T09:10:57+00:00","og_image":[{"url":"https:\/\/catherine-castry-belkadi.fr\/wp-content\/uploads\/2023\/10\/catherine-castry-belkadi-direction-artistique-vogue-lart-au-jardin-3-300x200.jpg","type":"","width":"","height":""}],"twitter_card":"summary_large_image","twitter_misc":{"Dur\u00e9e de lecture estim\u00e9e":"1 minute"},"schema":{"@context":"https:\/\/schema.org","@graph":[{"@type":"WebPage","@id":"https:\/\/catherine-castry-belkadi.fr\/index.php\/vogue-conde-nast\/","url":"https:\/\/catherine-castry-belkadi.fr\/index.php\/vogue-conde-nast\/","name":"Vogue - Cond\u00e9 Nast -","isPartOf":{"@id":"https:\/\/catherine-castry-belkadi.fr\/#website"},"primaryImageOfPage":{"@id":"https:\/\/catherine-castry-belkadi.fr\/index.php\/vogue-conde-nast\/#primaryimage"},"image":{"@id":"https:\/\/catherine-castry-belkadi.fr\/index.php\/vogue-conde-nast\/#primaryimage"},"thumbnailUrl":"https:\/\/catherine-castry-belkadi.fr\/wp-content\/uploads\/2023\/10\/catherine-castry-belkadi-direction-artistique-vogue-lart-au-jardin-3-300x200.jpg","datePublished":"2023-10-10T11:08:38+00:00","dateModified":"2023-10-19T09:10:57+00:00","breadcrumb":{"@id":"https:\/\/catherine-castry-belkadi.fr\/index.php\/vogue-conde-nast\/#breadcrumb"},"inLanguage":"fr-FR","potentialAction":[{"@type":"ReadAction","target":["https:\/\/catherine-castry-belkadi.fr\/index.php\/vogue-conde-nast\/"]}]},{"@type":"ImageObject","inLanguage":"fr-FR","@id":"https:\/\/catherine-castry-belkadi.fr\/index.php\/vogue-conde-nast\/#primaryimage","url":"https:\/\/catherine-castry-belkadi.fr\/wp-content\/uploads\/2023\/10\/catherine-castry-belkadi-direction-artistique-vogue-lart-au-jardin-3.jpg","contentUrl":"https:\/\/catherine-castry-belkadi.fr\/wp-content\/uploads\/2023\/10\/catherine-castry-belkadi-direction-artistique-vogue-lart-au-jardin-3.jpg","width":1200,"height":800,"caption":"catherine-castry-belkadi-direction-artistique-vogue-art-au-jardin"},{"@type":"BreadcrumbList","@id":"https:\/\/catherine-castry-belkadi.fr\/index.php\/vogue-conde-nast\/#breadcrumb","itemListElement":[{"@type":"ListItem","position":1,"name":"Accueil","item":"https:\/\/catherine-castry-belkadi.fr\/"},{"@type":"ListItem","position":2,"name":"Vogue &#8211; Cond\u00e9 Nast"}]},{"@type":"WebSite","@id":"https:\/\/catherine-castry-belkadi.fr\/#website","url":"https:\/\/catherine-castry-belkadi.fr\/","name":"Catherine Castry Belkadi","description":"","publisher":{"@id":"https:\/\/catherine-castry-belkadi.fr\/#\/schema\/person\/5dd5293af75046eeb3ac1b00b7f10457"},"potentialAction":[{"@type":"SearchAction","target":{"@type":"EntryPoint","urlTemplate":"https:\/\/catherine-castry-belkadi.fr\/?s={search_term_string}"},"query-input":{"@type":"PropertyValueSpecification","valueRequired":true,"valueName":"search_term_string"}}],"inLanguage":"fr-FR"},{"@type":["Person","Organization"],"@id":"https:\/\/catherine-castry-belkadi.fr\/#\/schema\/person\/5dd5293af75046eeb3ac1b00b7f10457","name":"Catherine","image":{"@type":"ImageObject","inLanguage":"fr-FR","@id":"https:\/\/catherine-castry-belkadi.fr\/wp-content\/uploads\/2020\/12\/web-agency-logo-3.png","url":"https:\/\/catherine-castry-belkadi.fr\/wp-content\/uploads\/2020\/12\/web-agency-logo-3.png","contentUrl":"https:\/\/catherine-castry-belkadi.fr\/wp-content\/uploads\/2020\/12\/web-agency-logo-3.png","width":200,"height":200,"caption":"Catherine"},"logo":{"@id":"https:\/\/catherine-castry-belkadi.fr\/wp-content\/uploads\/2020\/12\/web-agency-logo-3.png"},"sameAs":["https:\/\/catherine-castry-belkadi.fr","https:\/\/www.linkedin.com\/in\/catherine-castry-belkadi"]}]}},"_links":{"self":[{"href":"https:\/\/catherine-castry-belkadi.fr\/index.php\/wp-json\/wp\/v2\/pages\/1046","targetHints":{"allow":["GET"]}}],"collection":[{"href":"https:\/\/catherine-castry-belkadi.fr\/index.php\/wp-json\/wp\/v2\/pages"}],"about":[{"href":"https:\/\/catherine-castry-belkadi.fr\/index.php\/wp-json\/wp\/v2\/types\/page"}],"author":[{"embeddable":true,"href":"https:\/\/catherine-castry-belkadi.fr\/index.php\/wp-json\/wp\/v2\/users\/1"}],"replies":[{"embeddable":true,"href":"https:\/\/catherine-castry-belkadi.fr\/index.php\/wp-json\/wp\/v2\/comments?post=1046"}],"version-history":[{"count":3,"href":"https:\/\/catherine-castry-belkadi.fr\/index.php\/wp-json\/wp\/v2\/pages\/1046\/revisions"}],"predecessor-version":[{"id":1307,"href":"https:\/\/catherine-castry-belkadi.fr\/index.php\/wp-json\/wp\/v2\/pages\/1046\/revisions\/1307"}],"wp:attachment":[{"href":"https:\/\/catherine-castry-belkadi.fr\/index.php\/wp-json\/wp\/v2\/media?parent=1046"}],"curies":[{"name":"wp","href":"https:\/\/api.w.org\/{rel}","templated":true}]}}