{"id":450,"date":"2023-09-29T14:43:26","date_gmt":"2023-09-29T12:43:26","guid":{"rendered":"https:\/\/jcic.freeboxos.fr\/catherine\/?page_id=450"},"modified":"2023-11-13T16:41:20","modified_gmt":"2023-11-13T15:41:20","slug":"producteur-foie-gras-du-vercors","status":"publish","type":"page","link":"https:\/\/catherine-castry-belkadi.fr\/index.php\/producteur-foie-gras-du-vercors\/","title":{"rendered":"Producteur Foie Gras du Vercors"},"content":{"rendered":"\n<figure class=\"wp-block-gallery has-nested-images columns-default is-cropped wp-block-gallery-1 is-layout-flex wp-block-gallery-is-layout-flex\">\n<figure class=\"wp-block-image size-large\"><img loading=\"lazy\" decoding=\"async\" width=\"600\" height=\"600\" data-id=\"452\" src=\"https:\/\/catherine-castry-belkadi.fr\/wp-content\/uploads\/2023\/09\/catherine-castry-belkadi-illustration-graphisme-penel-foie-gras-versors-drome-terroir.jpg\" alt=\"Illustration-signal\u00e9tique-tourisme-drome-vercors\" class=\"wp-image-452\" srcset=\"https:\/\/catherine-castry-belkadi.fr\/wp-content\/uploads\/2023\/09\/catherine-castry-belkadi-illustration-graphisme-penel-foie-gras-versors-drome-terroir.jpg 600w, https:\/\/catherine-castry-belkadi.fr\/wp-content\/uploads\/2023\/09\/catherine-castry-belkadi-illustration-graphisme-penel-foie-gras-versors-drome-terroir-300x300.jpg 300w, https:\/\/catherine-castry-belkadi.fr\/wp-content\/uploads\/2023\/09\/catherine-castry-belkadi-illustration-graphisme-penel-foie-gras-versors-drome-terroir-150x150.jpg 150w\" sizes=\"auto, (max-width: 600px) 100vw, 600px\" \/><\/figure>\n\n\n\n<figure class=\"wp-block-image size-large\"><img loading=\"lazy\" decoding=\"async\" width=\"600\" height=\"600\" data-id=\"451\" src=\"https:\/\/catherine-castry-belkadi.fr\/wp-content\/uploads\/2023\/09\/catherine-castry-belkadi-illustration-tourisme-drome.jpg\" alt=\"Illustration Drome tourisme\" class=\"wp-image-451\" srcset=\"https:\/\/catherine-castry-belkadi.fr\/wp-content\/uploads\/2023\/09\/catherine-castry-belkadi-illustration-tourisme-drome.jpg 600w, https:\/\/catherine-castry-belkadi.fr\/wp-content\/uploads\/2023\/09\/catherine-castry-belkadi-illustration-tourisme-drome-300x300.jpg 300w, https:\/\/catherine-castry-belkadi.fr\/wp-content\/uploads\/2023\/09\/catherine-castry-belkadi-illustration-tourisme-drome-150x150.jpg 150w\" sizes=\"auto, (max-width: 600px) 100vw, 600px\" \/><\/figure>\n<\/figure>\n\n\n\n<div class=\"wp-block-group\"><div class=\"wp-block-group__inner-container is-layout-constrained wp-block-group-is-layout-constrained\">\n<p class=\"has-text-align-left has-couleur-du-texte-color has-text-color has-eccp-large-font-size\" style=\"letter-spacing:0.5px\">Illustrations et graphisme pour les producteurs de foie gras du Vercors dans la Dr\u00f4me.<\/p>\n\n\n\n<p class=\"has-text-align-left has-couleur-primaire-color has-text-color has-eccp-small-font-size\" style=\"letter-spacing:0.2px;line-height:1.5\">PANNEAU D&rsquo;AFFICHAGE EXT\u00c9RIEUR<\/p>\n\n\n\n<hr class=\"wp-block-separator has-text-color has-blanc-casse-fonce-color has-alpha-channel-opacity has-blanc-casse-fonce-background-color has-background\"\/>\n\n\n\n<p class=\"has-couleur-du-texte-color has-text-color has-eccp-small-font-size\" style=\"letter-spacing:1px\">Anim\u00e9s par une m\u00eame passion, Brigitte et Roger Penel, \u00e9leveurs et producteurs de foie gras aux portes du Vercors ont choisi d\u2019offrir des produits authentiques.<br>Le projet : R\u00e9aliser un panneau d\u2019affichage taille XXL pour l\u2019ext\u00e9rieur de la boutique.<br>Cette signal\u00e9tique tous en image, compr\u00e9hensible par tous, retrace le savoir-faire de ces producteurs.<\/p>\n<\/div><\/div>\n","protected":false},"excerpt":{"rendered":"<p>Illustrations et graphisme pour les producteurs de foie gras du Vercors dans la Dr\u00f4me. PANNEAU D&rsquo;AFFICHAGE EXT\u00c9RIEUR Anim\u00e9s par une m\u00eame passion, Brigitte et Roger Penel, \u00e9leveurs et producteurs de foie gras aux portes du Vercors ont choisi d\u2019offrir des produits authentiques.Le projet : R\u00e9aliser un panneau d\u2019affichage taille XXL pour l\u2019ext\u00e9rieur de la boutique.Cette&hellip;&nbsp;<a href=\"https:\/\/catherine-castry-belkadi.fr\/index.php\/producteur-foie-gras-du-vercors\/\" rel=\"bookmark\">Lire la suite &raquo;<span class=\"screen-reader-text\">Producteur Foie Gras du Vercors<\/span><\/a><\/p>\n","protected":false},"author":1,"featured_media":0,"parent":0,"menu_order":0,"comment_status":"closed","ping_status":"closed","template":"","meta":{"neve_meta_sidebar":"","neve_meta_container":"","neve_meta_enable_content_width":"","neve_meta_content_width":0,"neve_meta_title_alignment":"","neve_meta_author_avatar":"","neve_post_elements_order":"","neve_meta_disable_header":"","neve_meta_disable_footer":"","neve_meta_disable_title":"","_themeisle_gutenberg_block_has_review":false,"footnotes":""},"class_list":["post-450","page","type-page","status-publish","hentry"],"yoast_head":"<!-- This site is optimized with the Yoast SEO plugin v27.2 - https:\/\/yoast.com\/product\/yoast-seo-wordpress\/ -->\n<title>Producteur Foie Gras du Vercors -<\/title>\n<meta name=\"robots\" content=\"index, follow, max-snippet:-1, max-image-preview:large, max-video-preview:-1\" \/>\n<link rel=\"canonical\" href=\"https:\/\/catherine-castry-belkadi.fr\/index.php\/producteur-foie-gras-du-vercors\/\" \/>\n<meta property=\"og:locale\" content=\"fr_FR\" \/>\n<meta property=\"og:type\" content=\"article\" \/>\n<meta property=\"og:title\" content=\"Producteur Foie Gras du Vercors -\" \/>\n<meta property=\"og:description\" content=\"Illustrations et graphisme pour les producteurs de foie gras du Vercors dans la Dr\u00f4me. PANNEAU D&rsquo;AFFICHAGE EXT\u00c9RIEUR Anim\u00e9s par une m\u00eame passion, Brigitte et Roger Penel, \u00e9leveurs et producteurs de foie gras aux portes du Vercors ont choisi d\u2019offrir des produits authentiques.Le projet : R\u00e9aliser un panneau d\u2019affichage taille XXL pour l\u2019ext\u00e9rieur de la boutique.Cette&hellip;&nbsp;Lire la suite &raquo;Producteur Foie Gras du Vercors\" \/>\n<meta property=\"og:url\" content=\"https:\/\/catherine-castry-belkadi.fr\/index.php\/producteur-foie-gras-du-vercors\/\" \/>\n<meta property=\"article:modified_time\" content=\"2023-11-13T15:41:20+00:00\" \/>\n<meta property=\"og:image\" content=\"https:\/\/catherine-castry-belkadi.fr\/wp-content\/uploads\/2023\/09\/catherine-castry-belkadi-illustration-graphisme-penel-foie-gras-versors-drome-terroir.jpg\" \/>\n<meta name=\"twitter:card\" content=\"summary_large_image\" \/>\n<meta name=\"twitter:label1\" content=\"Dur\u00e9e de lecture estim\u00e9e\" \/>\n\t<meta name=\"twitter:data1\" content=\"1 minute\" \/>\n<script type=\"application\/ld+json\" class=\"yoast-schema-graph\">{\"@context\":\"https:\/\/schema.org\",\"@graph\":[{\"@type\":\"WebPage\",\"@id\":\"https:\/\/catherine-castry-belkadi.fr\/index.php\/producteur-foie-gras-du-vercors\/\",\"url\":\"https:\/\/catherine-castry-belkadi.fr\/index.php\/producteur-foie-gras-du-vercors\/\",\"name\":\"Producteur Foie Gras du Vercors -\",\"isPartOf\":{\"@id\":\"https:\/\/catherine-castry-belkadi.fr\/#website\"},\"primaryImageOfPage\":{\"@id\":\"https:\/\/catherine-castry-belkadi.fr\/index.php\/producteur-foie-gras-du-vercors\/#primaryimage\"},\"image\":{\"@id\":\"https:\/\/catherine-castry-belkadi.fr\/index.php\/producteur-foie-gras-du-vercors\/#primaryimage\"},\"thumbnailUrl\":\"https:\/\/catherine-castry-belkadi.fr\/wp-content\/uploads\/2023\/09\/catherine-castry-belkadi-illustration-graphisme-penel-foie-gras-versors-drome-terroir.jpg\",\"datePublished\":\"2023-09-29T12:43:26+00:00\",\"dateModified\":\"2023-11-13T15:41:20+00:00\",\"breadcrumb\":{\"@id\":\"https:\/\/catherine-castry-belkadi.fr\/index.php\/producteur-foie-gras-du-vercors\/#breadcrumb\"},\"inLanguage\":\"fr-FR\",\"potentialAction\":[{\"@type\":\"ReadAction\",\"target\":[\"https:\/\/catherine-castry-belkadi.fr\/index.php\/producteur-foie-gras-du-vercors\/\"]}]},{\"@type\":\"ImageObject\",\"inLanguage\":\"fr-FR\",\"@id\":\"https:\/\/catherine-castry-belkadi.fr\/index.php\/producteur-foie-gras-du-vercors\/#primaryimage\",\"url\":\"https:\/\/catherine-castry-belkadi.fr\/wp-content\/uploads\/2023\/09\/catherine-castry-belkadi-illustration-graphisme-penel-foie-gras-versors-drome-terroir.jpg\",\"contentUrl\":\"https:\/\/catherine-castry-belkadi.fr\/wp-content\/uploads\/2023\/09\/catherine-castry-belkadi-illustration-graphisme-penel-foie-gras-versors-drome-terroir.jpg\",\"width\":600,\"height\":600,\"caption\":\"Illustration-signal\u00e9tique-tourisme-drome-vercors\"},{\"@type\":\"BreadcrumbList\",\"@id\":\"https:\/\/catherine-castry-belkadi.fr\/index.php\/producteur-foie-gras-du-vercors\/#breadcrumb\",\"itemListElement\":[{\"@type\":\"ListItem\",\"position\":1,\"name\":\"Accueil\",\"item\":\"https:\/\/catherine-castry-belkadi.fr\/\"},{\"@type\":\"ListItem\",\"position\":2,\"name\":\"Producteur Foie Gras du Vercors\"}]},{\"@type\":\"WebSite\",\"@id\":\"https:\/\/catherine-castry-belkadi.fr\/#website\",\"url\":\"https:\/\/catherine-castry-belkadi.fr\/\",\"name\":\"Catherine Castry Belkadi\",\"description\":\"\",\"publisher\":{\"@id\":\"https:\/\/catherine-castry-belkadi.fr\/#\/schema\/person\/5dd5293af75046eeb3ac1b00b7f10457\"},\"potentialAction\":[{\"@type\":\"SearchAction\",\"target\":{\"@type\":\"EntryPoint\",\"urlTemplate\":\"https:\/\/catherine-castry-belkadi.fr\/?s={search_term_string}\"},\"query-input\":{\"@type\":\"PropertyValueSpecification\",\"valueRequired\":true,\"valueName\":\"search_term_string\"}}],\"inLanguage\":\"fr-FR\"},{\"@type\":[\"Person\",\"Organization\"],\"@id\":\"https:\/\/catherine-castry-belkadi.fr\/#\/schema\/person\/5dd5293af75046eeb3ac1b00b7f10457\",\"name\":\"Catherine\",\"image\":{\"@type\":\"ImageObject\",\"inLanguage\":\"fr-FR\",\"@id\":\"https:\/\/catherine-castry-belkadi.fr\/wp-content\/uploads\/2020\/12\/web-agency-logo-3.png\",\"url\":\"https:\/\/catherine-castry-belkadi.fr\/wp-content\/uploads\/2020\/12\/web-agency-logo-3.png\",\"contentUrl\":\"https:\/\/catherine-castry-belkadi.fr\/wp-content\/uploads\/2020\/12\/web-agency-logo-3.png\",\"width\":200,\"height\":200,\"caption\":\"Catherine\"},\"logo\":{\"@id\":\"https:\/\/catherine-castry-belkadi.fr\/wp-content\/uploads\/2020\/12\/web-agency-logo-3.png\"},\"sameAs\":[\"https:\/\/catherine-castry-belkadi.fr\",\"https:\/\/www.linkedin.com\/in\/catherine-castry-belkadi\"]}]}<\/script>\n<!-- \/ Yoast SEO plugin. -->","yoast_head_json":{"title":"Producteur Foie Gras du Vercors -","robots":{"index":"index","follow":"follow","max-snippet":"max-snippet:-1","max-image-preview":"max-image-preview:large","max-video-preview":"max-video-preview:-1"},"canonical":"https:\/\/catherine-castry-belkadi.fr\/index.php\/producteur-foie-gras-du-vercors\/","og_locale":"fr_FR","og_type":"article","og_title":"Producteur Foie Gras du Vercors -","og_description":"Illustrations et graphisme pour les producteurs de foie gras du Vercors dans la Dr\u00f4me. PANNEAU D&rsquo;AFFICHAGE EXT\u00c9RIEUR Anim\u00e9s par une m\u00eame passion, Brigitte et Roger Penel, \u00e9leveurs et producteurs de foie gras aux portes du Vercors ont choisi d\u2019offrir des produits authentiques.Le projet : R\u00e9aliser un panneau d\u2019affichage taille XXL pour l\u2019ext\u00e9rieur de la boutique.Cette&hellip;&nbsp;Lire la suite &raquo;Producteur Foie Gras du Vercors","og_url":"https:\/\/catherine-castry-belkadi.fr\/index.php\/producteur-foie-gras-du-vercors\/","article_modified_time":"2023-11-13T15:41:20+00:00","og_image":[{"url":"https:\/\/catherine-castry-belkadi.fr\/wp-content\/uploads\/2023\/09\/catherine-castry-belkadi-illustration-graphisme-penel-foie-gras-versors-drome-terroir.jpg","type":"","width":"","height":""}],"twitter_card":"summary_large_image","twitter_misc":{"Dur\u00e9e de lecture estim\u00e9e":"1 minute"},"schema":{"@context":"https:\/\/schema.org","@graph":[{"@type":"WebPage","@id":"https:\/\/catherine-castry-belkadi.fr\/index.php\/producteur-foie-gras-du-vercors\/","url":"https:\/\/catherine-castry-belkadi.fr\/index.php\/producteur-foie-gras-du-vercors\/","name":"Producteur Foie Gras du Vercors -","isPartOf":{"@id":"https:\/\/catherine-castry-belkadi.fr\/#website"},"primaryImageOfPage":{"@id":"https:\/\/catherine-castry-belkadi.fr\/index.php\/producteur-foie-gras-du-vercors\/#primaryimage"},"image":{"@id":"https:\/\/catherine-castry-belkadi.fr\/index.php\/producteur-foie-gras-du-vercors\/#primaryimage"},"thumbnailUrl":"https:\/\/catherine-castry-belkadi.fr\/wp-content\/uploads\/2023\/09\/catherine-castry-belkadi-illustration-graphisme-penel-foie-gras-versors-drome-terroir.jpg","datePublished":"2023-09-29T12:43:26+00:00","dateModified":"2023-11-13T15:41:20+00:00","breadcrumb":{"@id":"https:\/\/catherine-castry-belkadi.fr\/index.php\/producteur-foie-gras-du-vercors\/#breadcrumb"},"inLanguage":"fr-FR","potentialAction":[{"@type":"ReadAction","target":["https:\/\/catherine-castry-belkadi.fr\/index.php\/producteur-foie-gras-du-vercors\/"]}]},{"@type":"ImageObject","inLanguage":"fr-FR","@id":"https:\/\/catherine-castry-belkadi.fr\/index.php\/producteur-foie-gras-du-vercors\/#primaryimage","url":"https:\/\/catherine-castry-belkadi.fr\/wp-content\/uploads\/2023\/09\/catherine-castry-belkadi-illustration-graphisme-penel-foie-gras-versors-drome-terroir.jpg","contentUrl":"https:\/\/catherine-castry-belkadi.fr\/wp-content\/uploads\/2023\/09\/catherine-castry-belkadi-illustration-graphisme-penel-foie-gras-versors-drome-terroir.jpg","width":600,"height":600,"caption":"Illustration-signal\u00e9tique-tourisme-drome-vercors"},{"@type":"BreadcrumbList","@id":"https:\/\/catherine-castry-belkadi.fr\/index.php\/producteur-foie-gras-du-vercors\/#breadcrumb","itemListElement":[{"@type":"ListItem","position":1,"name":"Accueil","item":"https:\/\/catherine-castry-belkadi.fr\/"},{"@type":"ListItem","position":2,"name":"Producteur Foie Gras du Vercors"}]},{"@type":"WebSite","@id":"https:\/\/catherine-castry-belkadi.fr\/#website","url":"https:\/\/catherine-castry-belkadi.fr\/","name":"Catherine Castry Belkadi","description":"","publisher":{"@id":"https:\/\/catherine-castry-belkadi.fr\/#\/schema\/person\/5dd5293af75046eeb3ac1b00b7f10457"},"potentialAction":[{"@type":"SearchAction","target":{"@type":"EntryPoint","urlTemplate":"https:\/\/catherine-castry-belkadi.fr\/?s={search_term_string}"},"query-input":{"@type":"PropertyValueSpecification","valueRequired":true,"valueName":"search_term_string"}}],"inLanguage":"fr-FR"},{"@type":["Person","Organization"],"@id":"https:\/\/catherine-castry-belkadi.fr\/#\/schema\/person\/5dd5293af75046eeb3ac1b00b7f10457","name":"Catherine","image":{"@type":"ImageObject","inLanguage":"fr-FR","@id":"https:\/\/catherine-castry-belkadi.fr\/wp-content\/uploads\/2020\/12\/web-agency-logo-3.png","url":"https:\/\/catherine-castry-belkadi.fr\/wp-content\/uploads\/2020\/12\/web-agency-logo-3.png","contentUrl":"https:\/\/catherine-castry-belkadi.fr\/wp-content\/uploads\/2020\/12\/web-agency-logo-3.png","width":200,"height":200,"caption":"Catherine"},"logo":{"@id":"https:\/\/catherine-castry-belkadi.fr\/wp-content\/uploads\/2020\/12\/web-agency-logo-3.png"},"sameAs":["https:\/\/catherine-castry-belkadi.fr","https:\/\/www.linkedin.com\/in\/catherine-castry-belkadi"]}]}},"_links":{"self":[{"href":"https:\/\/catherine-castry-belkadi.fr\/index.php\/wp-json\/wp\/v2\/pages\/450","targetHints":{"allow":["GET"]}}],"collection":[{"href":"https:\/\/catherine-castry-belkadi.fr\/index.php\/wp-json\/wp\/v2\/pages"}],"about":[{"href":"https:\/\/catherine-castry-belkadi.fr\/index.php\/wp-json\/wp\/v2\/types\/page"}],"author":[{"embeddable":true,"href":"https:\/\/catherine-castry-belkadi.fr\/index.php\/wp-json\/wp\/v2\/users\/1"}],"replies":[{"embeddable":true,"href":"https:\/\/catherine-castry-belkadi.fr\/index.php\/wp-json\/wp\/v2\/comments?post=450"}],"version-history":[{"count":7,"href":"https:\/\/catherine-castry-belkadi.fr\/index.php\/wp-json\/wp\/v2\/pages\/450\/revisions"}],"predecessor-version":[{"id":1496,"href":"https:\/\/catherine-castry-belkadi.fr\/index.php\/wp-json\/wp\/v2\/pages\/450\/revisions\/1496"}],"wp:attachment":[{"href":"https:\/\/catherine-castry-belkadi.fr\/index.php\/wp-json\/wp\/v2\/media?parent=450"}],"curies":[{"name":"wp","href":"https:\/\/api.w.org\/{rel}","templated":true}]}}